 465060?
276
Calculate the highest common factor of 5076 and 504545.
47
Calculate the highest common divisor of 121461135 and 5.
5
Calculate the highest common factor of 8877705 and 2625.
15
What is the highest common factor of 3184 and 3497226?
398
What is the greatest common factor of 60088857 and 69?
69
Calculate the highest common divisor of 58809252 and 552.
276
What is the highest common factor of 208 and 5789488?
16
Calculate the greatest common divisor of 6292563 and 6099.
321
What is the greatest common divisor of 146099536 and 22?
22
What is the greatest common divisor of 2822 and 65746126?
166
Calculate the greatest common factor of 206 and 384482.
2
Calculate the highest common divisor of 9259796 and 3276.
364
What is the highest common divisor of 132113210 and 70007?
10001
Calculate the greatest common divisor of 14083 and 3482.
1
What is the greatest common divisor of 25978136 and 712?
8
Calculate the greatest common divisor of 12312 and 4145800.
152
Calculate the greatest common divisor of 141194 and 70286.
622
What is the greatest common divisor of 135 and 100876455?
135
What is the greatest common divisor of 60140 and 905980?
1940
What is the greatest common divisor of 2612228 and 12?
4
Calculate the greatest common factor of 84153384 and 14.
14
What is the greatest common divisor of 24129 and 99729?
63
What is the greatest common factor of 12320 and 3632160?
1120
Calculate the highest common factor of 1997160 and 3630.
330
Calculate the greatest common divisor of 121261 and 295056545.
7133
Calculate the highest common divisor of 39860 and 214777638.
3986
Calculate the greatest common factor of 266030 and 8.
2
Calculate the highest common factor of 2835 and 14961915.
405
Calculate the greatest common divisor of 118 and 116034238.
118
What is the greatest common factor of 33872 and 1477376?
464
Calculate the greatest common factor of 13857878 and 218956.
2546
Calculate the greatest common factor of 1700 and 478160.
20
Calculate the greatest common divisor of 350945 and 2849.
259
What is the highest common factor of 585 and 10682165?
65
What is the greatest common factor of 3080 and 119717620?
220
Calculate the highest common factor of 114303 and 631869.
21
What is the greatest common divisor of 24936 and 69752?
8
Calculate the greatest common divisor of 71741264 and 25536.
2128
What is the highest common divisor of 835254 and 11774?
14
Calculate the highest common divisor of 1311214615 and 5.
5
What is the greatest common divisor of 58131 and 786537?
27
What is the highest common divisor of 116 and 4326742?
58
What is the greatest common divisor of 737408 and 742?
14
Calculate the highest common factor of 334380191 and 249.
83
Calculate the highest common factor of 9798 and 393369.
69
Calculate the greatest common divisor of 206 and 26192797.
103
What is the greatest common factor of 1638 and 816543?
819
What is the greatest common divisor of 154616 and 1167320?
616
What is the highest common factor of 486 and 1583874?
486
Calculate the highest common divisor of 1238230 and 23324.
686
What is the greatest common divisor of 1047666 and 8021?
617
What is the highest common factor of 821607 and 79806?
141
What is the highest common divisor of 42 and 157445379?
21
What is the highest common divisor of 2337 and 1710863949?
2337
What is the highest common divisor of 408 and 29718244?
68
What is the greatest common factor of 18745165 and 145?
145
Calculate the greatest common divisor of 2666 and 5983837.
1333
What is the greatest common factor of 81 and 6818634?
27
What is the highest common divisor of 73091653 and 119?
17
What is the highest common factor of 22011 and 1387848?
33
Calculate the highest common factor of 2255 and 73135513.
451
What is the highest common factor of 4146546 and 6132?
438
Calculate the greatest common factor of 15057414 and 95202.
2214
What is the greatest common factor of 227371650 and 1353?
1353
Calculate the greatest common factor of 1116 and 358932.
12
What is the greatest common divisor of 38869000 and 160?
40
Calculate the highest common factor of 205746 and 8148318.
3882
What is the greatest common factor of 145497 and 796752?
33
Calculate the greatest common divisor of 236 and 546836.
4
What is the greatest common factor of 22168 and 54824235?
2771
Calculate the greatest common divisor of 1112225007 and 5037.
5037
What is the highest common divisor of 3991458 and 938?
134
Calculate the greatest common factor of 4405188 and 2508.
228
Calculate the highest common divisor of 152 and 4237608.
152
Calculate the greatest common divisor of 36050395 and 185.
185
What is the greatest common divisor of 16303777 and 23032?
2879
What is the greatest common divisor of 200549 and 10481?
47
Calculate the greatest common factor of 20668959 and 174231.
6453
What is the greatest common divisor of 60 and 61257?
3
Calculate the highest common divisor of 400 and 59846600.
200
Calculate the highest common divisor of 9000000 and 920.
40
Calculate the highest common divisor of 61037868 and 1328.
332
Calculate the highest common factor of 75 and 52573325.
25
What is the highest common divisor of 452835 and 156600?
1305
Calculate the highest common factor of 6072 and 79127268.
3036
Calculate the highest common factor of 11270544 and 444.
12
Calculate the greatest common factor of 17043 and 121673910.
1311
Calculate the highest common divisor of 30288927 and 614.
307
Calculate the greatest common divisor of 391926780 and 2628.
2628
What is the greatest common factor of 3740 and 40153320?
340
Calculate the highest common factor of 35611 and 6077531.
239
Calculate the highest common factor of 74 and 28003154.
74
What is the highest common divisor of 33810 and 351670?
230
What is the highest common divisor of 134895 and 335515605?
7935
What is the highest common factor of 107214 and 216098?
334
What is the highest common divisor of 1219491 and 630?
63
What is the greatest common factor of 1834 and 80804206?
1834
Calculate the highest common divisor of 17964 and 8956052.
1996
Calculate the highest common divisor of 195 and 23177635.
65
What is the greatest common factor of 708 and 109236?
12
Calculate the highest common divisor of 53544006 and 558.
558
Calculate the greatest common divisor of 158 and 79478.
2
Calculate the highest common factor of 2559324 and 39566.
542
Calculate the highest common factor of 4978792 and 4459.
637
Calculate the highest common factor of 1033914805 and 9205.
9205
What is the greatest common factor of 29508183 and 1046?
523
What is the greatest common factor of 180487 and 2?
1
Calculate the highest common factor of 19331273 and 26.
13
What is the highest common divisor of 39 and 7113243?
3
What is the highest common factor of 23 and 3425068?
23
What is the highest common factor of 322 and 12846008?
14
Calculate the greatest common factor of 31868 and 6456.
4
What is the greatest common divisor of 1058 and 887002?
2
Calculate the greatest common factor of 164 and 362224.
4
What is the greatest common divisor of 77242110 and 390?
30
What is the highest common factor of 192987 and 12259?
41
Calculate the greatest common factor of 1159690 and 4508.
14
Calculate the highest common factor of 19992 and 911024.
8
What is the highest common divisor of 501969 and 30134?
793
Calculate the greatest common divisor of 148 and 27242989.
37
What is the highest common divisor of 5480688 and 4994?
454
Calculate the highest common divisor of 3080 and 45676015.
385
Calculate the highest common factor of 19 and 159709725.
19
Calculate the greatest common divisor of 840 and 1132360.
40
What is the highest common factor of 71876 and 2058224?
476
What is the highest common factor of 12 and 132246012?
12
Calculate the highest common factor of 203 and 30671473.
203
What is the highest common divisor of 5215045 and 165?
55
What is the greatest common divisor of 19 and 285521911?
19
Calculate the highest common divisor of 789294 and 297.
33
Calculate the highest common factor of 319086 and 116451.
513
Calculate the highest common factor of 359765931 and 171.
57
What is the greatest common divisor of 9823 and 17348311?
893
Calculate the greatest common factor of 77 and 4446860.
11
Calculate the greatest common divisor of 71